ommon factor of 216 and 783.
27
What is the highest common divisor of 332 and 20?
4
Calculate the highest common divisor of 143 and 22.
11
What is the highest common divisor of 144 and 6096?
48
Calculate the highest common divisor of 38 and 380.
38
What is the highest common divisor of 16 and 9032?
8
What is the highest common divisor of 527 and 17?
17
Calculate the highest common divisor of 56 and 9072.
56
What is the greatest common divisor of 24 and 29208?
24
What is the greatest common divisor of 303 and 9797?
101
Calculate the highest common factor of 39 and 13182.
39
Calculate the highest common divisor of 51 and 12189.
51
What is the greatest common factor of 30017 and 13?
13
What is the highest common factor of 20234 and 453?
151
Calculate the greatest common divisor of 2028 and 576.
12
Calculate the greatest common divisor of 48 and 114.
6
Calculate the highest common factor of 108 and 1260.
36
What is the highest common divisor of 424 and 288?
8
Calculate the greatest common divisor of 29 and 27637.
29
What is the highest common factor of 24 and 1668?
12
Calculate the greatest common factor of 17089 and 23.
23
What is the highest common factor of 3 and 4?
1
What is the highest common divisor of 399 and 1425?
57
Calculate the greatest common divisor of 7807 and 259.
37
What is the greatest common factor of 3980 and 40?
20
What is the greatest common divisor of 252 and 52?
4
What is the greatest common factor of 980 and 20?
20
Calculate the greatest common divisor of 722 and 266.
38
What is the greatest common divisor of 708 and 21004?
236
Calculate the greatest common divisor of 11 and 539.
11
Calculate the highest common divisor of 6920 and 280.
40
What is the highest common divisor of 19 and 589?
19
What is the greatest common divisor of 90 and 54?
18
Calculate the highest common factor of 738 and 234.
18
What is the greatest common factor of 750 and 90?
30
Calculate the highest common divisor of 2587 and 559.
13
Calculate the highest common factor of 250 and 440.
10
Calculate the greatest common divisor of 256 and 16.
16
What is the greatest common factor of 15903 and 62?
31
Calculate the highest common divisor of 243 and 891.
81
What is the greatest common divisor of 7 and 21?
7
What is the highest common divisor of 160 and 20480?
160
What is the highest common divisor of 6 and 20?
2
What is the highest common divisor of 325 and 26?
13
Calculate the greatest common factor of 8 and 1.
1
Calculate the greatest common factor of 544 and 1360.
272
Calculate the greatest common factor of 3350 and 1072.
134
What is the greatest common divisor of 112 and 96?
16
What is the greatest common factor of 330 and 451?
11
What is the greatest common divisor of 375 and 105?
15
What is the greatest common divisor of 1028 and 4?
4
Calculate the highest common divisor of 583 and 159.
53
Calculate the highest common factor of 1521 and 819.
117
What is the greatest common divisor of 554 and 34?
2
Calculate the greatest common factor of 4216 and 68.
68
What is the greatest common factor of 100 and 75?
25
Calculate the highest common divisor of 2449 and 248.
31
Calculate the greatest common factor of 170 and 3264.
34
Calculate the greatest common divisor of 15 and 255.
15
What is the highest common divisor of 40 and 25?
5
What is the greatest common divisor of 26 and 650?
26
What is the highest common factor of 737 and 22?
11
What is the highest common factor of 112 and 4648?
56
Calculate the greatest common divisor of 169 and 39377.
169
What is the highest common divisor of 48 and 2?
2
Calculate the greatest common divisor of 13302 and 36.
18
What is the greatest common divisor of 280 and 448?
56
Calculate the highest common factor of 93 and 341.
31
Calculate the greatest common factor of 7378 and 714.
238
What is the greatest common divisor of 14396 and 488?
244
Calculate the highest common divisor of 96 and 664.
8
What is the greatest common divisor of 6726 and 177?
177
What is the highest common factor of 45 and 9?
9
What is the greatest common divisor of 56 and 728?
56
Calculate the greatest common divisor of 152 and 2375.
19
Calculate the highest common divisor of 15 and 40.
5
Calculate the greatest common divisor of 155 and 31.
31
Calculate the greatest common divisor of 4223 and 82.
41
What is the greatest common divisor of 174 and 522?
174
Calculate the greatest common divisor of 24876 and 72.
36
What is the highest common divisor of 166 and 1079?
83
Calculate the greatest common divisor of 3 and 128.
1
Calculate the highest common divisor of 56 and 6.
2
What is the highest common divisor of 288 and 112?
16
What is the highest common factor of 285 and 30?
15
Calculate the greatest common divisor of 456 and 24.
24
What is the greatest common divisor of 24 and 147?
3
Calculate the highest common factor of 24 and 8.
8
Calculate the highest common factor of 2534 and 14.
14
Calculate the greatest common divisor of 12833 and 41.
41
Calculate the greatest common divisor of 9478 and 14.
14
Calculate the highest common factor of 533 and 26.
13
What is the greatest common divisor of 459 and 27?
27
Calculate the greatest common factor of 2865 and 75.
15
Calculate the greatest common divisor of 28 and 294.
14
What is the greatest common factor of 782 and 23?
23
Calculate the greatest common divisor of 25 and 242.
1
What is the greatest common divisor of 21746 and 786?
262
Calculate the highest common divisor of 754 and 4234.
58
What is the greatest common divisor of 1212 and 12?
12
Calculate the greatest common factor of 2013 and 66.
33
What is the highest common divisor of 8 and 536?
8
What is the greatest common divisor of 392 and 49?
49
What is the highest common divisor of 7275 and 873?
291
Calculate the highest common divisor of 99 and 18.
9
Calculate the greatest common divisor of 5071 and 143.
11
What is the highest common factor of 405 and 16767?
81
What is the greatest common divisor of 104 and 676?
52
Calculate the greatest common factor of 130 and 40.
10
What is the highest common factor of 121 and 484?
121
Calculate the highest common factor of 6 and 946.
2
Calculate the highest common factor of 1001 and 33.
11
What is the highest common divisor of 312 and 64?
8
What is the greatest common divisor of 66 and 2046?
66
What is the greatest common factor of 1120 and 35?
35
Calculate the highest common divisor of 604 and 2567.
151
Calculate the highest common factor of 288 and 3936.
96
What is the greatest common divisor of 1472 and 115?
23
What is the highest common factor of 29 and 551?
29
What is the highest common divisor of 36 and 3036?
12
Calculate the highest common divisor of 5539 and 955.
191
Calculate the highest common divisor of 34 and 850.
34
What is the highest common factor of 4 and 15640?
4
What is the highest common divisor of 1485 and 770?
55
What is the greatest common factor of 196 and 1344?
28
Calculate the greatest common divisor of 85 and 391.
17
What is the greatest common factor of 152 and 2698?
38
What is the highest common factor of 19 and 570?
19
Calculate the highest common divisor of 3397 and 43.
43
What is the highest common factor of 32 and 36?
4
What is the greatest common factor of 41 and 656?
41
What is the highest common factor of 23 and 6394?
23
What is the greatest common factor of 1360 and 289?
17
Calculate the greatest common divisor of 12 and 132.
12
Calculate the highest common factor of 24 and 984.
24
Calculate the greatest common divisor of 25 and 2.
1
What is the highest common divisor of 413 and 14?
7
What is the highest common divisor of 192 and 336?
48
Calculate the greatest common divisor of 344 and 16.
8
What is the highest common factor of 1056 and 12?
12
Calculate the greatest common factor of 276 and 759.
69
What is the greatest common divisor of 2880 and 96?
96
Calculate the highest common factor of 21 and 162.
3
What is the greatest common factor of 370 and 2664?
74
What is the highest common factor of 38880 and 160?
160
Calculate the greatest common factor of 411 and 1507.
137
Calculate the greatest common factor of 60 and 108.
12
Calculate the greatest common divisor of 1749 and 231.
33
What is the highest common divisor of 189 and 7587?
27
What is the highest common divisor of 12 and 282?